= 3*f(b) + 2*j(b). Let s be t(-2). What is the highest common factor of s and 16?
2
Suppose -18 = -5*a + 12. Suppose 0 = 3*x + x - 60. Suppose 3*b = x + a. What is the greatest common divisor of b and 14?
7
Suppose 0 = 3*s - 3*c + 117, -63 = s + s + 3*c. Let w be (s/5)/(2/(-15)). Calculate the greatest common factor of w and 18.
18
Suppose 2*w - 25 = -3*w. Suppose 4*i + 6 = 2*d, -3*d + 17 = d - 3*i. What is the greatest common factor of d and w?
5
Let a be 21 + 6/24*12. What is the greatest common divisor of 156 and a?
12
Suppose -3*p + 2*p = 0. Suppose -2*l - 3*l + 25 = p. Let x = -34 + 74. What is the highest common factor of l and x?
5
Let b(r) = 9*r - 12. Let a be b(5). Calculate the highest common factor of a and 396.
33
Let a = -11 - -26. Suppose 0 = -3*x + 6 + 36. Let p be 947/7 + (-4)/x. What is the greatest common factor of p and a?
15
Suppose x - 63 = -3*x + a, -4*a = -3*x + 31. What is the highest common factor of 68 and x?
17
Let f(z) = 53*z + 1. Let j be f(1). Let d = -16 + 52. Calculate the highest common factor of d and j.
18
Let r(w) = w**2 - w - 88. Let h be r(0). Let s = -69 + h. Let i = -94 - s. What is the highest common divisor of 9 and i?
9
Let p = -82 + 96. What is the greatest common divisor of 21 and p?
7
Suppose 0 = 19*h - 13*h - 384. What is the highest common factor of 4 and h?
4
Suppose 0 = 2*i - i - 1. Suppose -113 = -4*p - i. Suppose 2 + 14 = 4*s. Calculate the greatest common divisor of p and s.
4
Let k be (3 - -70*1) + -3. Suppose 5*c - 97 = -0*g - g, 0 = -4*c + 3*g + k. Calculate the highest common divisor of c and 57.
19
Suppose 2*g + g + 90 = 0. Let x = g - -147. Calculate the highest common factor of x and 13.
13
Let y be (-174)/(-10) - (-6)/10. Calculate the greatest common factor of y and 45.
9
Let d be (-17 + -7)*4/(-6). What is the greatest common divisor of d and 56?
8
Let j = 51 - -80. Let y = j - 78. Suppose z = -d + 4*d + y, -2*d - 166 = -3*z. Calculate the highest common factor of z and 8.
8
Let o(p) = 3*p**2 + 3. Let q be o(-2). What is the greatest common factor of q and 75?
15
Suppose 2*x + 3*g = 408 - 94, 10 = 5*g. Calculate the highest common factor of x and 14.
14
Let r = 2 - 1. Let f = r + 3. Let w be (11/f)/(2/8). Calculate the greatest common divisor of w and 1.
1
Suppose d - 48 - 56 = 0. Calculate the greatest common factor of d and 13.
13
Let p(x) = -5*x**3 + x + 1. Let o be p(-1). Suppose -i - o*f + 13 = -9, i - 2*f = -6. Suppose 0 = -i*l + 2 + 8. What is the highest common factor of 5 and l?
5
Let g be (-8)/(-6) - 2/(-3). Suppose -2*u = -5*s - 12, 0 = -19*u + 15*u - 5*s + 24. Calculate the highest common divisor of g and u.
2
Suppose -z + 5*z + 14 = i, i = 2*z + 14. Calculate the greatest common factor of i and 14.
14
Let a(s) = 2*s**2 + 10*s - 15. Let p be a(7). Calculate the highest common factor of 17 and p.
17
Suppose -686 - 1674 = -5*r. Suppose 5*m - 133 = r. Calculate the greatest common factor of m and 11.
11
Let j(r) = 4*r. Let p be ((-24)/(-10))/(4/10). Let i be j(p). Calculate the highest common factor of i and 60.
12
Let g = 125 + -60. Let r = 96 - g. Calculate the greatest common factor of 279 and r.
31
Let i be (40/(-6))/(12/(-126)). What is the highest common divisor of 14 and i?
14
Let d(h) = 1 - 1 - 1 - 3 - 15*h - h**2. Let u be d(-11). Calculate the highest common factor of 100 and u.
20
Suppose -384 = -0*s - 6*s. What is the highest common factor of s and 16?
16
Let z(h) = -h + 12. Let r be z(-13). Calculate the highest common divisor of r and 125.
25
Suppose -3*s = -6 - 0. Let c(u) = -9*u**2 - u - 1. Let b be c(-1). Let r = 9 - b. Calculate the greatest common factor of r and s.
2
Let v be ((-128)/(-8))/(3 - 1). What is the highest common divisor of 56 and v?
8
Suppose -j + 4*j - 123 = 3*l, 0 = 5*j + 3*l - 229. Let h be 1*(1 + (-6)/(-2)). What is the highest common factor of j and h?
4
Suppose -3*u + 0*u = -12. Suppose -96 = -d - 2*d. Suppose 0 = u*f - 0*f - d. What is the greatest common factor of 4 and f?
4
Let p = -22 - -37. Suppose 6 = 4*k + 22. Let q(u) = 5*u**2 + 5*u. Let j be q(k). Calculate the greatest common divisor of p and j.
15
Let u(v) = -3*v + 2. Let y be u(-2). Let p be (-3 - -19)/(1/2). What is the highest common divisor of y and p?
8
Suppose -j = -5 + 1. Suppose l = j*i + 6*l - 153, 0 = 2*i - 2*l - 90. What is the greatest common divisor of 6 and i?
6
Suppose -45 = -5*l + 5*n, 6*n = 3*l + 10*n - 6. What is the highest common factor of 6 and l?
6
Suppose -13 + 49 = -4*o. Let g = o + 13. Suppose -4*y = 20, -y - 31 = -4*q + 38. Calculate the greatest common divisor of q and g.
4
Let m(h) = 99*h**2. Let j be m(-1). Let q be (j/(-15))/((-2)/10). What is the highest common factor of 22 and q?
11
Let h(u) = -7*u. Let x be h(-2). Let p(q) = 0 + x*q - 3 - 3*q. Let b be p(9). What is the greatest common factor of 12 and b?
12
Let a(o) = 2*o**2 - 5*o + 9. Let x be a(3). What is the highest common divisor of 96 and x?
12
Let z(y) = -y + 1. Let s be z(-6). Suppose -4*f - 5*k - s = -3*f, -2*k - 8 = 3*f. Let j be 4/2 - (f - 3). What is the highest common divisor of j and 7?
7
Let f(i) = -6*i + 3. Let h be f(-6). Let a = 6 + 7. What is the highest common factor of h and a?
13
Let t be 1/(1 - (-144)/(-147)). Calculate the highest common divisor of 7 and t.
7
Let n = 71 - 35. Suppose -2*j = -3*f + 2*j - 20, 4*f = -2*j - 34. Let t be 24/(-1)*18/f. Calculate the greatest common divisor of t and n.
18
Let f(p) be the third derivative of p**6/40 - p**4/12 - p**2. Let c be f(2). Let k = -3 - -13. Calculate the highest common divisor of k and c.
10
Suppose 13 = 2*l - 7. What is the highest common factor of l and 90?
10
Let r(o) = o**3 + 7*o**2 - 11*o - 1. Suppose 0*d = 2*d - 6, l = -5*d + 7. Let h be r(l). Calculate the highest common factor of 184 and h.
23
Let n be (-3)/(-6) - 57/(-6). Let r be (10 - 2)/((-6)/(-3)). What is the greatest common factor of n and r?
2
Let d(i) = 17 + 0*i - 7 + i. Let z be 1/2*(-24 - -10). Let a be d(z). Calculate the greatest common factor of a and 3.
3
Suppose 3*g - 12 = 0, 2*f - 44 = -0*f + 5*g. Let k(l) = l**2 + 6*l + 8. Let y be k(-6). What is the greatest common factor of f and y?
8
Let w = 138 - 94. What is the greatest common divisor of 11 and w?
11
Suppose -6*y + 4*y = 4. Let r be (-3)/(y - 50/(-28)). Suppose -3*z - 131 = -5*o, 52 + 82 = 5*o - 2*z. Calculate the highest common factor of r and o.
14
Suppose -5*m + 100 = 3*w, -5*w + 5*m - 8 = -148. Calculate the greatest common divisor of 45 and w.
15
Suppose -6*u + 11*u = 140. Let a be (-2)/(-4)*(u - 8). Let z(c) = 7*c - 1. Let r be z(3). What is the highest common factor of a and r?
10
Let n(h) = -h + 2. Let c be n(-5). Suppose -c*d = -2*d - 20. Suppose -17 = -r + u, -2*u = -3 + 5. What is the greatest common divisor of d and r?
4
Let n = -11 + 30. What is the greatest common factor of 95 and n?
19
Suppose 5*j = 3*v - 11, 0 = -4*v - v - 5*j + 45. Let b be 3/v + 432/21. What is the greatest common divisor of b and 7?
7
Suppose j + 3*h - 25 = 0, j + 215 = 6*j - 3*h. Calculate the greatest common divisor of j and 4.
4
Let a = 99 + -51. What is the greatest common divisor of 6 and a?
6
Let m = 94 + -76. Calculate the highest common divisor of 30 and m.
6
Let m = -11 + 27. Let k(f) = 95*f**3 + 2*f - 1. Suppose -5*p = 2 - 7. Let o be k(p). Calculate the greatest common factor of m and o.
16
Let k(b) = 5*b - 7. Let r be k(8). What is the highest common factor of 231 and r?
33
Let o(w) = 14*w - 1. Let d be o(1). Let g = -16 + 16. Suppose 0 = 4*v - g*j + 4*j - 592, 3*v + 5*j - 454 = 0. Calculate the highest common factor of d and v.
13
Suppose 0 = 3*o - 184 + 28. What is the highest common factor of o and 13?
13
Let w(v) = 3*v**2 - 4*v + 9. Let a be w(3). Calculate the greatest common factor of 60 and a.
12
Let j = 4 + 1. Suppose z = j*z - 48. What is the highest common factor of 2 and z?
2
Let k(s) = -13*s + 2 + s**3 + 7*s + 2 - 3*s**2. Let c be k(5). Let v = -6 - -22. Calculate the highest common factor of v and c.
8
Suppose -b = -i + 9, 0 = i + i - b - 23. Let q = 32 - i. Calculate the greatest common divisor of 36 and q.
18
Let v = 20 + -9. Calculate the greatest common divisor of v and 187.
11
Let j = 174 + -137. What is the greatest common factor of 296 and j?
37
Let m = -11 + 22. 